{"id":36,"date":"2024-06-18T12:05:41","date_gmt":"2024-06-18T10:05:41","guid":{"rendered":"https:\/\/www.fidupress.be\/my-synergy\/?page_id=36"},"modified":"2024-06-18T12:05:44","modified_gmt":"2024-06-18T10:05:44","slug":"mentions-legales","status":"publish","type":"page","link":"https:\/\/www.fidupress.be\/my-synergy\/mentions-legales\/","title":{"rendered":"Mentions l\u00e9gales"},"content":{"rendered":"\n<p><strong>Acceptation des conditions d\u2019utilisation<\/strong><\/p>\n\n\n\n<p>Les conditions d\u2019utilisation suivantes r\u00e9gissent votre acc\u00e8s au site www.my-synergy.be et votre utilisation de celui-ci. Le site www.my-synergy.be ne peut \u00eatre utilis\u00e9 qu\u2019\u00e0 des fins d\u2019information. En acc\u00e9dant au site www.my-synergy.be ou en l\u2019utilisant, vous convenez d\u2019\u00eatre l\u00e9galement li\u00e9 par les conditions d\u2019utilisation et \u00e0 toutes les conditions contenues ou auxquelles il est fait renvoi par la pr\u00e9sente ou aux conditions suppl\u00e9mentaires \u00e9nonc\u00e9es sur le site www.my-synergy.be. Si vous n\u2019acceptez pas les pr\u00e9sentes conditions d\u2019utilisation, vous ne devez pas utiliser le site www.my-synergy.be.<\/p>\n\n\n\n<p>Modificatio<strong>ns des conditions et des contenus<\/strong><\/p>\n\n\n\n<p>MY-SYNERGY\u00a0peut modifier les pr\u00e9sentes conditions d\u2019utilisation \u00e0 n\u2019importe quel moment. Ces conditions d\u2019utilisation modifi\u00e9es sont en vigueur d\u00e8s leur affichage. En continuant d\u2019acc\u00e9der au site www.my-synergy.be, vous serez r\u00e9put\u00e9 avoir accept\u00e9 ces modifications.<\/p>\n\n\n\n<p>MY-SYNERGY se r\u00e9serve le droit de limiter ou de suspendre l\u2019acc\u00e8s au site www.my-synergy.be ou \u00e0 une partie de celui-ci avec prise d\u2019effet imm\u00e9diate, \u00e0 son gr\u00e9 et sans pr\u00e9avis.<\/p>\n\n\n\n<p><strong>Propri\u00e9t\u00e9 intellectuelle<\/strong><\/p>\n\n\n\n<p>Ce site internet et son contenu sont prot\u00e9g\u00e9s par le droit d\u2019auteur.<\/p>\n\n\n\n<p>La marque www.my-synergy.be, ainsi que les autres marques ou logos figurant sur le site www.my-synergy.be sont prot\u00e9g\u00e9s par des droits de propri\u00e9t\u00e9 intellectuelle et industrielle, comprenant les marques, droits d\u2019auteurs, mod\u00e8les et brevets. Toute reproduction totale ou partielle de ces marques ou de ces logos effectu\u00e9s \u00e0 partir des \u00e9l\u00e9ments du site www.my-synergy.be sans l\u2019autorisation expresse de www.my-synergy.be est donc prohib\u00e9e au sens du Code de la propri\u00e9t\u00e9 intellectuelle.<\/p>\n\n\n\n<p>La structure g\u00e9n\u00e9rale ainsi que les logiciels, textes, images anim\u00e9es ou non, son savoir-faire et tous les autres \u00e9l\u00e9ments composant le site www.my-synergy.be sont la propri\u00e9t\u00e9 exclusive de www.my-synergy.be ou de ses partenaires. La reproduction et l\u2019utilisation des informations (textes, images, logo et photos) publi\u00e9es par www.my-synergy.be sur le site www.my-synergy.b sont autoris\u00e9es uniquement \u00e0 des fins d\u2019informations pour un usage personnel et priv\u00e9. Toute reproduction et utilisation de ces informations \u00e0 d\u2019autres fins est strictement interdite et constituerait une contrefa\u00e7on sanctionn\u00e9e par le Code de la propri\u00e9t\u00e9 intellectuelle.<\/p>\n\n\n\n<p>Les autres marques et logos sont et demeurent la propri\u00e9t\u00e9 de leurs titulaires respectifs.<\/p>\n\n\n\n<p>Tous les copyrights doivent figurer sur toutes les reproductions.<\/p>\n\n\n\n<p><strong>Clause de non-responsabilit\u00e9<\/strong><\/p>\n\n\n\n<p>MY-SYNERGY fera ses meilleurs efforts pour assurer l\u2019exactitude de l\u2019ensemble des informations mises \u00e0 la disposition des utilisateurs sur le site www.my-synergy.be mais celles-ci peuvent contenir des inexactitudes techniques ou des erreurs typographiques ou encore \u00eatre incompl\u00e8tes. Ces informations peuvent \u00eatre corrig\u00e9es et modifi\u00e9es par www.my-synergy.be \u00e0 tout moment et sans pr\u00e9avis.<\/p>\n\n\n\n<p>MY-SYNERGY peut \u00e0 tout moment et sans pr\u00e9avis apporter des am\u00e9liorations ou des modifications aux produits et services propos\u00e9s sur le site www.my-synergy.be et\/ou cesser la fabrication ou la commercialisation de ceux-ci.<\/p>\n\n\n\n<p>MY-SYNERGY ne garantit pas un acc\u00e8s ininterrompu au site www.my-synergy.be, ni la s\u00e9curit\u00e9 des pages web de ce site ou l\u2019absence de tous virus ou autres h\u00f4tes ind\u00e9sirables. MY-SYNERGY. d\u00e9cline toute responsabilit\u00e9 pour toute impr\u00e9cision, inexactitude ou omission portant sur les informations disponibles sur le site www.my-synergy.be. En outre, toute d\u00e9cision prise sur la foi de ces informations ne peut engager la responsabilit\u00e9 de www.my-synergy.be, de l\u2019une ou l\u2019autre de ses filiales ou d\u2019un des membres du m\u00eame groupe qu\u2019elle. MY-SYNERGY ne pourra \u00eatre tenu responsable de tout dommage direct ou indirect, des pertes de b\u00e9n\u00e9fices ou de toute interruption d\u2019activit\u00e9 d\u00e9coulant de l\u2019utilisation ou de l\u2019impossibilit\u00e9 d\u2019utiliser le site www.my-synergy.be.<\/p>\n\n\n\n<p>Le site www.my-synergy.be peut contenir des liens vers d\u2019autres sites internet appartenant \u00e0 ou exploit\u00e9s par des tiers. En cliquant sur l\u2019un de ces liens, vous vous engagez, pr\u00e9alablement \u00e0 toute utilisation du site concern\u00e9, \u00e0 prendre connaissance de ses conditions d\u2019utilisation et \u00e0 les accepter. La responsabilit\u00e9 de www.my-synergy.be ne pourra \u00eatre mise en cause concernant les contenus de ces sites internet. L\u2019acc\u00e8s \u00e0 ces sites tiers et leur utilisation rel\u00e8vent de votre seule responsabilit\u00e9.<\/p>\n\n\n\n<p><strong>Politique de respect de la vie priv\u00e9e<\/strong><\/p>\n\n\n\n<p>MY-SYNERGY se soucie du respect de votre vie priv\u00e9e. Bien que la plupart des informations contenues sur ce site soient disponibles sans que les donn\u00e9es personnelles de l\u2019utilisateur ne soient n\u00e9cessaires, il est possible que l\u2019utilisateur soit invit\u00e9 \u00e0 fournir des informations personnelles. Ces donn\u00e9es seront uniquement trait\u00e9es dans le cadre de la gestion de leur compte. L\u2019utilisateur peut toujours s\u2019opposer, gratuitement et sur demande, \u00e0 l\u2019utilisation de ses donn\u00e9es personnelles \u00e0 des fins de marketing direct. Pour ce faire, il devra s\u2019adresser \u00e0\u00a0<a href=\"mailto:contact@my-synergy.be\">contact@my-synergy.be\u00a0<\/a>ou par courrier \u00e0 l\u2019adresse postale de MY-SYNERGY. Les donn\u00e9es personnelles ne sont jamais communiqu\u00e9es \u00e0 des tiers.<\/p>\n\n\n\n<p>Conform\u00e9ment \u00e0 la loi du 08\/12\/1992 relative \u00e0 la protection des donn\u00e9es \u00e0 caract\u00e8re personnel, l\u2019utilisateur dispose d\u2019un droit l\u00e9gal de consultation et \u00e9ventuellement de correction de ses donn\u00e9es personnelles. Sur preuve de son identit\u00e9 (copie de la carte d\u2019identit\u00e9), il peut, sur demande \u00e9crite, sign\u00e9e et dat\u00e9e adress\u00e9e \u00e0 MY-SYNERGY, recevoir gratuitement un compte rendu par \u00e9crit de ses donn\u00e9es personnelles. Le cas \u00e9ch\u00e9ant, il peut \u00e9galement demander la correction des donn\u00e9es personnelles le concernant qui sont incorrectes, incompl\u00e8tes ou erron\u00e9es.<\/p>\n\n\n\n<p>MY-SYNERGY peut r\u00e9colter des informations anonymes ou agr\u00e9g\u00e9es non personnelles telles que la version du navigateur ou l\u2019adresse IP, le syst\u00e8me d\u2019exploitation qu\u2019utilise le visiteur ou le nom de domaine du site gr\u00e2ce auquel il visite le site de MY-SYNERGY, www.my-synergy.be ou vers lequel vous le quittez. Ceci permet \u00e0 nos \u00e9quipes d\u2019optimaliser en permanence le site web de MY-SYNERGY pour les utilisateurs.<\/p>\n\n\n\n<p><strong>Utilisation de cookies<\/strong><\/p>\n\n\n\n<p>Durant une visite sur le site www.my-synergy.be, des cookies peuvent \u00eatre install\u00e9s sur la m\u00e9moire de stockage de l\u2019appareil que l\u2019utilisateur utilise pour se connecter, et ce uniquement dans le but de mieux adapter le site web aux besoins du visiteur r\u00e9current. Ces minifichiers ou cookies ne sont pas utilis\u00e9s pour analyser la mani\u00e8re dont le visiteur surfe sur d\u2019autres sites. Votre navigateur internet vous permet de bloquer l\u2019utilisation de cookies, d\u2019\u00eatre inform\u00e9 au pr\u00e9alable de l\u2019installation d\u2019un cookie, ou de supprimer ult\u00e9rieurement les cookies de votre disque dur. Consultez la fonction d\u2019aide de votre navigateur internet pour en savoir plus \u00e0 ce sujet.<\/p>\n","protected":false},"excerpt":{"rendered":"<p>Acceptation des conditions d\u2019utilisation Les conditions d\u2019utilisation suivantes r\u00e9gissent votre acc\u00e8s au site www.my-synergy.be et votre utilisation de celui-ci. Le site www.my-synergy.be ne peut \u00eatre utilis\u00e9 qu\u2019\u00e0 des fins d\u2019information. En acc\u00e9dant au site www.my-synergy.be ou en l\u2019utilisant, vous convenez d\u2019\u00eatre l\u00e9galement li\u00e9 par les conditions d\u2019utilisation et \u00e0 toutes les conditions contenues ou auxquelles [&hellip;]<\/p>\n","protected":false},"author":10,"featured_media":0,"parent":0,"menu_order":0,"comment_status":"closed","ping_status":"closed","template":"","meta":{"_acf_changed":false,"footnotes":""},"class_list":["post-36","page","type-page","status-publish","hentry"],"acf":[],"yoast_head":"<!-- This site is optimized with the Yoast SEO plugin v27.5 - https:\/\/yoast.com\/product\/yoast-seo-wordpress\/ -->\n<title>Mentions l\u00e9gales - my-synergy<\/title>\n<meta name=\"robots\" content=\"index, follow, max-snippet:-1, max-image-preview:large, max-video-preview:-1\" \/>\n<link rel=\"canonical\" href=\"https:\/\/www.fidupress.be\/my-synergy\/mentions-legales\/\" \/>\n<meta property=\"og:locale\" content=\"fr_FR\" \/>\n<meta property=\"og:type\" content=\"article\" \/>\n<meta property=\"og:title\" content=\"Mentions l\u00e9gales - my-synergy\" \/>\n<meta property=\"og:description\" content=\"Acceptation des conditions d\u2019utilisation Les conditions d\u2019utilisation suivantes r\u00e9gissent votre acc\u00e8s au site www.my-synergy.be et votre utilisation de celui-ci. Le site www.my-synergy.be ne peut \u00eatre utilis\u00e9 qu\u2019\u00e0 des fins d\u2019information. En acc\u00e9dant au site www.my-synergy.be ou en l\u2019utilisant, vous convenez d\u2019\u00eatre l\u00e9galement li\u00e9 par les conditions d\u2019utilisation et \u00e0 toutes les conditions contenues ou auxquelles [&hellip;]\" \/>\n<meta property=\"og:url\" content=\"https:\/\/www.fidupress.be\/my-synergy\/mentions-legales\/\" \/>\n<meta property=\"og:site_name\" content=\"my-synergy\" \/>\n<meta property=\"article:modified_time\" content=\"2024-06-18T10:05:44+00:00\" \/>\n<meta name=\"twitter:card\" content=\"summary_large_image\" \/>\n<meta name=\"twitter:label1\" content=\"Dur\u00e9e de lecture estim\u00e9e\" \/>\n\t<meta name=\"twitter:data1\" content=\"6 minutes\" \/>\n<script type=\"application\/ld+json\" class=\"yoast-schema-graph\">{\"@context\":\"https:\\\/\\\/schema.org\",\"@graph\":[{\"@type\":\"WebPage\",\"@id\":\"https:\\\/\\\/www.fidupress.be\\\/my-synergy\\\/mentions-legales\\\/\",\"url\":\"https:\\\/\\\/www.fidupress.be\\\/my-synergy\\\/mentions-legales\\\/\",\"name\":\"Mentions l\u00e9gales - my-synergy\",\"isPartOf\":{\"@id\":\"https:\\\/\\\/www.fidupress.be\\\/my-synergy\\\/#website\"},\"datePublished\":\"2024-06-18T10:05:41+00:00\",\"dateModified\":\"2024-06-18T10:05:44+00:00\",\"breadcrumb\":{\"@id\":\"https:\\\/\\\/www.fidupress.be\\\/my-synergy\\\/mentions-legales\\\/#breadcrumb\"},\"inLanguage\":\"fr-FR\",\"potentialAction\":[{\"@type\":\"ReadAction\",\"target\":[\"https:\\\/\\\/www.fidupress.be\\\/my-synergy\\\/mentions-legales\\\/\"]}]},{\"@type\":\"BreadcrumbList\",\"@id\":\"https:\\\/\\\/www.fidupress.be\\\/my-synergy\\\/mentions-legales\\\/#breadcrumb\",\"itemListElement\":[{\"@type\":\"ListItem\",\"position\":1,\"name\":\"Accueil\",\"item\":\"https:\\\/\\\/www.fidupress.be\\\/my-synergy\\\/\"},{\"@type\":\"ListItem\",\"position\":2,\"name\":\"Mentions l\u00e9gales\"}]},{\"@type\":\"WebSite\",\"@id\":\"https:\\\/\\\/www.fidupress.be\\\/my-synergy\\\/#website\",\"url\":\"https:\\\/\\\/www.fidupress.be\\\/my-synergy\\\/\",\"name\":\"my-synergy\",\"description\":\"Gestion globale et comptabilit\u00e9 num\u00e9rique : la synergie gagnante pour vos affaires\",\"potentialAction\":[{\"@type\":\"SearchAction\",\"target\":{\"@type\":\"EntryPoint\",\"urlTemplate\":\"https:\\\/\\\/www.fidupress.be\\\/my-synergy\\\/?s={search_term_string}\"},\"query-input\":{\"@type\":\"PropertyValueSpecification\",\"valueRequired\":true,\"valueName\":\"search_term_string\"}}],\"inLanguage\":\"fr-FR\"}]}<\/script>\n<!-- \/ Yoast SEO plugin. -->","yoast_head_json":{"title":"Mentions l\u00e9gales - my-synergy","robots":{"index":"index","follow":"follow","max-snippet":"max-snippet:-1","max-image-preview":"max-image-preview:large","max-video-preview":"max-video-preview:-1"},"canonical":"https:\/\/www.fidupress.be\/my-synergy\/mentions-legales\/","og_locale":"fr_FR","og_type":"article","og_title":"Mentions l\u00e9gales - my-synergy","og_description":"Acceptation des conditions d\u2019utilisation Les conditions d\u2019utilisation suivantes r\u00e9gissent votre acc\u00e8s au site www.my-synergy.be et votre utilisation de celui-ci. Le site www.my-synergy.be ne peut \u00eatre utilis\u00e9 qu\u2019\u00e0 des fins d\u2019information. En acc\u00e9dant au site www.my-synergy.be ou en l\u2019utilisant, vous convenez d\u2019\u00eatre l\u00e9galement li\u00e9 par les conditions d\u2019utilisation et \u00e0 toutes les conditions contenues ou auxquelles [&hellip;]","og_url":"https:\/\/www.fidupress.be\/my-synergy\/mentions-legales\/","og_site_name":"my-synergy","article_modified_time":"2024-06-18T10:05:44+00:00","twitter_card":"summary_large_image","twitter_misc":{"Dur\u00e9e de lecture estim\u00e9e":"6 minutes"},"schema":{"@context":"https:\/\/schema.org","@graph":[{"@type":"WebPage","@id":"https:\/\/www.fidupress.be\/my-synergy\/mentions-legales\/","url":"https:\/\/www.fidupress.be\/my-synergy\/mentions-legales\/","name":"Mentions l\u00e9gales - my-synergy","isPartOf":{"@id":"https:\/\/www.fidupress.be\/my-synergy\/#website"},"datePublished":"2024-06-18T10:05:41+00:00","dateModified":"2024-06-18T10:05:44+00:00","breadcrumb":{"@id":"https:\/\/www.fidupress.be\/my-synergy\/mentions-legales\/#breadcrumb"},"inLanguage":"fr-FR","potentialAction":[{"@type":"ReadAction","target":["https:\/\/www.fidupress.be\/my-synergy\/mentions-legales\/"]}]},{"@type":"BreadcrumbList","@id":"https:\/\/www.fidupress.be\/my-synergy\/mentions-legales\/#breadcrumb","itemListElement":[{"@type":"ListItem","position":1,"name":"Accueil","item":"https:\/\/www.fidupress.be\/my-synergy\/"},{"@type":"ListItem","position":2,"name":"Mentions l\u00e9gales"}]},{"@type":"WebSite","@id":"https:\/\/www.fidupress.be\/my-synergy\/#website","url":"https:\/\/www.fidupress.be\/my-synergy\/","name":"my-synergy","description":"Gestion globale et comptabilit\u00e9 num\u00e9rique : la synergie gagnante pour vos affaires","potentialAction":[{"@type":"SearchAction","target":{"@type":"EntryPoint","urlTemplate":"https:\/\/www.fidupress.be\/my-synergy\/?s={search_term_string}"},"query-input":{"@type":"PropertyValueSpecification","valueRequired":true,"valueName":"search_term_string"}}],"inLanguage":"fr-FR"}]}},"_links":{"self":[{"href":"https:\/\/www.fidupress.be\/my-synergy\/wp-json\/wp\/v2\/pages\/36","targetHints":{"allow":["GET"]}}],"collection":[{"href":"https:\/\/www.fidupress.be\/my-synergy\/wp-json\/wp\/v2\/pages"}],"about":[{"href":"https:\/\/www.fidupress.be\/my-synergy\/wp-json\/wp\/v2\/types\/page"}],"author":[{"embeddable":true,"href":"https:\/\/www.fidupress.be\/my-synergy\/wp-json\/wp\/v2\/users\/10"}],"replies":[{"embeddable":true,"href":"https:\/\/www.fidupress.be\/my-synergy\/wp-json\/wp\/v2\/comments?post=36"}],"version-history":[{"count":1,"href":"https:\/\/www.fidupress.be\/my-synergy\/wp-json\/wp\/v2\/pages\/36\/revisions"}],"predecessor-version":[{"id":37,"href":"https:\/\/www.fidupress.be\/my-synergy\/wp-json\/wp\/v2\/pages\/36\/revisions\/37"}],"wp:attachment":[{"href":"https:\/\/www.fidupress.be\/my-synergy\/wp-json\/wp\/v2\/media?parent=36"}],"curies":[{"name":"wp","href":"https:\/\/api.w.org\/{rel}","templated":true}]}}